08023 a multiple of 23?
True
Is 710291413 a multiple of 8?
False
Is 195 a factor of 1187581?
False
Does 33 divide 1022250959?
False
Is 1383 a factor of 132635232?
True
Is 22524111 a multiple of 4?
False
Is 227 a factor of 91537069?
True
Is 963 a factor of 667690686?
False
Is 1712 a factor of 27623120?
True
Is 240861470 a multiple of 96?
False
Is 30 a factor of 1519650?
True
Does 3629 divide 15278090?
True
Is 11 a factor of 6375309?
False
Is 556 a factor of 56745477?
False
Does 191 divide 10377762?
False
Is 14 a factor of 3617212?
False
Does 45 divide 573323944?
False
Does 3176 divide 41209158?
False
Is 5978528 a multiple of 314?
False
Is 47955640 a multiple of 545?
True
Is 14194422 a multiple of 102?
True
Is 720792235 a multiple of 235?
True
Is 3573 a factor of 84336018?
False
Does 50 divide 31880077?
False
Does 5 divide 672741139?
False
Does 25 divide 29997455?
False
Is 2538 a factor of 104489710?
False
Is 13 a factor of 615671363?
False
Is 135760848 a multiple of 24?
True
Is 1563203640 a multiple of 12?
True
Is 1301480250 a multiple of 14?
True
Does 480 divide 35971206?
False
Is 2261 a factor of 509378429?
True
Is 5979202711 a multiple of 1444?
False
Does 1282 divide 43381598?
True
Is 1448 a factor of 210276784?
False
Is 150 a factor of 68254650?
True
Is 63415270 a multiple of 34?
True
Is 1197 a factor of 1382981821?
False
Does 12 divide 7504981?
False
Is 354 a factor of 536492664?
True
Does 21 divide 446559621?
False
Is 84016297 a multiple of 56?
False
Is 505803930 a multiple of 8005?
True
Does 41 divide 1602950766?
False
Is 2612 a factor of 485351392?
True
Is 556 a factor of 5550806?
False
Is 328250905 a multiple of 334?
False
Is 364017864 a multiple of 9?
False
Is 94 a factor of 175820694?
False
Is 41 a factor of 13472026?
True
Is 101559069 a multiple of 2549?
False
Is 191 a factor of 1300721269?
True
Is 50 a factor of 942429741?
False
Is 132244752 a multiple of 454?
True
Is 9987534 a multiple of 102?
True
Is 68699585 a multiple of 104?
False
Is 70703136 a multiple of 36?
True
Does 1100 divide 1375256300?
True
Is 1023737653 a multiple of 143?
False
Does 6 divide 345688966?
False
Is 33038534 a multiple of 799?
False
Is 166 a factor of 53061402?
True
Does 835 divide 475318760?
False
Is 290446251 a multiple of 32?
False
Does 666 divide 667997219?
False
Does 2676 divide 1242945804?
True
Is 4 a factor of 348963?
False
Is 156037910 a multiple of 4?
False
Does 1251 divide 228766617?
True
Is 23 a factor of 51025177?
False
Does 32 divide 3770220107?
False
Is 56258667 a multiple of 69?
True
Is 23 a factor of 51242825?
False
Is 4193 a factor of 536435648?
True
Does 525 divide 3492469520?
False
Is 215202132 a multiple of 2380?
False
Does 1433 divide 56858211?
False
Is 7 a factor of 2313995?
False
Is 178 a factor of 34626696?
True
Does 111 divide 3623191071?
True
Does 14 divide 14739886?
True
Does 93 divide 40231835?
False
Is 587 a factor of 93918239?
True
Is 241995714 a multiple of 9?
False
Is 7 a factor of 538907663?
True
Is 202181028 a multiple of 4?
True
Does 15 divide 2082375?
True
Is 1000473852 a multiple of 19?
False
Does 920 divide 22590256?
False
Does 55 divide 163367248?
False
Is 4 a factor of 1459245622?
False
Is 75 a factor of 1495191?
False
Does 884 divide 2544333?
False
Is 38 a factor of 51361822?
False
Does 392 divide 53136528?
False
Is 526 a factor of 2087486317?
False
Does 26 divide 1862905100?
False
Is 4 a factor of 93223992?
True
Does 31 divide 149351366?
True
Is 5942634 a multiple of 26?
False
Does 21 divide 165238143?
True
Is 5 a factor of 1218693055?
True
Is 821 a factor of 168067707?
False
Is 1330098055 a multiple of 13051?
False
Is 3623956 a multiple of 30?
False
Is 56673386 a multiple of 202?
False
Does 6519 divide 348225423?
True
Is 101 a factor of 21927908?
True
Is 130467481 a multiple of 1947?
False
Is 26 a factor of 12183121?
False
Is 85136975 a multiple of 175?
True
Does 732 divide 6724769767?
False
Is 274395149 a multiple of 259?
False
Is 7480485 a multiple of 5?
True
Is 222035942 a multiple of 244?
False
Is 9015539 even?
False
Is 3695 a factor of 999444539?
False
Is 11 a factor of 3749148550?
False
Is 5 a factor of 62989919?
False
Is 47 a factor of 1642184841?
True
Does 84 divide 124740168?
True
Is 35 a factor of 48817790?
True
Is 25882844 a multiple of 79?
False
Is 59481449 a multiple of 1216?
False
Is 208181244 a multiple of 93?
True
Is 139 a factor of 1461668678?
True
Is 1681238254 a multiple of 139?
False
Is 23 a factor of 60725658?
True
Is 981453600 a multiple of 813?
True
Is 934004408 a multiple of 133?
False
Is 10 a factor of 23974617?
False
Is 132 a factor of 3010128?
True
Is 10 a factor of 941570227?
False
Is 4 a factor of 4429136?
True
Is 2268 a factor of 178548300?
True
Is 14001734 a multiple of 14?
False
Is 422 a factor of 128425778?
False
Is 302 a factor of 78765604?
False
Is 32195303 a multiple of 11?
False
Is 11 a factor of 157744102?
False
Is 1375917120 a multiple of 5144?
True
Is 443089770 a multiple of 635?
False
Does 18 divide 49506894?
True
Does 8 divide 77265159?
False
Is 7 a factor of 142119286?
False
Is 932439 a multiple of 9?
False
Is 3009428096 a multiple of 9536?
True
Is 282423439 a multiple of 870?
False
Is 11637022 even?
True
Is 73347896 a multiple of 19?
False
Does 111 divide 24575123?
False
Does 25 divide 5817866?
False
Is 207198852 a multiple of 1218?
True
Does 1101 divide 345679722?
False
Does 4013 divide 395453059?
True
Does 855 divide 72259193?
False
Is 197 a factor of 1049931594?
True
Does 57 divide 14751429?
True
Does 4979 divide 368703317?
False
Does 9 divide 34911597?
False
Does 3376 divide 1287295808?
True
Does 1485 divide 1657463?
False
Is 15 a factor of 9695540?
False
Does 11203 divide 1737529845?
False
Is 13 a factor of 6273975?
False
Is 266944414 a multiple of 11?
True
Does 50 divide 3066325750?
True
Is 91 a factor of 1141237045?
False
Does 19 divide 1878247227?
False
Is 33767434 a multiple of 4?
False
Is 10 a factor of 23345720?
True
Is 3208266 a multiple of 1301?
True
Is 374097712 a multiple of 1079?
False
Is 47 a factor of 262952639?
True
Is 147826622 a multiple of 9?
False
Does 10 divide 444495180?
True
Is 48 a factor of 1432344192?
True
Is 212795372 a multiple of 325?
False
Does 2361 divide 121443447?
False
Is 4359793464 a multiple of 12?
True
Is 8183196 a multiple of 9?
True
Is 73 a factor of 103845879?
False
Is 2782279895 a multiple of 53?
False
Is 1049 a factor of 29072639?
False
Is 216 a factor of 14643400?
False
Is 4949 a factor of 1518893439?
False
Is 66 a factor of 45467598?
True
Is 972 a factor of 97586856?
True
Is 230615668 a multiple of 142?
True
Does 2 divide 122797?
False
Does 9 divide 52761112?
False
Does 156 divide 135828844?
False
Is 1011 a factor of 3900475407?
True
Is 209399820 a multiple of 2438?
True
Does 1171 divide 42468657?
True
Does 48 divide 356160969?
False
Does 266 divide 75737914?
True
Does 43 divide 8194081?
False
Does 32 divide 6158138?
False
Does 141 divide 31186366?
False
Is 39 a factor of 41622988?
False
Does 33 divide 244780676?
False
Is 166577348 a multiple of 916?
True
Does 29 divide 482829674?
False
Does 4 divide 12595474?
False
Does 2194 divide 811969622?
False
Is 103224831 a multiple of 40?
False
Does 12 divide 129057483?
False
Is 10 a factor of 124747030?
True
Is 2610 a factor of 400161758?
False
Is 279655936 a multiple of 728?
False
Does 11 divide 34020641?
False
Is 1219 a factor of 67608178?
True
Is 2690730 a multiple of 548?
False
Is 10749745 even?
False
Is 148 a factor of 1548414332?
True
Is 59298045 a multiple of 403?
False
Does 13 divide 440801163?
False
Does 18 divide 8206851?
False
Is 194 a factor of 166238018?
True
Is 1455317848 a multiple of 247?
False
Does 376 divide 109186739?
False
Does 489 divide 42061584?
False
Is 288173304 a multiple of 3?
True
Is 22420657 a multiple of 19?
False
Is 8527826 a multiple of 18?
False
Does 280 divide 20724709?
False
Is 1241644663 a multiple of 71?
True
Is 108829377 a multiple of 51?
False
Is 16395812 a multiple of 233?
False
Does 27 divide 1108979071?
False
Is 7 a factor of 1705531226?
True
Does 10 divide 471982860?
True
Is 1237 a factor of 29235258?
True
Is 17611690 a multiple of 9?
False
Is 61660196 a multiple of 34?
False
Is 1534 a factor of 138005861?
False
Is 145 a factor of 2478